ghest common divisor of 1221 and 5460719?
407
Calculate the greatest common divisor of 8484784 and 6402.
2134
What is the greatest common factor of 81340 and 72520?
980
What is the greatest common divisor of 20979 and 779139?
81
Calculate the highest common divisor of 30940 and 9002.
14
Calculate the highest common factor of 18108 and 7407.
9
Calculate the greatest common factor of 51649430 and 245.
245
Calculate the greatest common factor of 638 and 48805898.
58
What is the highest common factor of 3032997 and 506?
11
Calculate the highest common divisor of 66035125 and 47125.
1625
Calculate the highest common divisor of 44540003 and 3482.
1741
Calculate the highest common divisor of 34615 and 68155.
215
Calculate the greatest common divisor of 222941390 and 28.
14
What is the highest common divisor of 66505548 and 437?
19
What is the highest common divisor of 595 and 7274385?
85
Calculate the greatest common factor of 15512 and 43536367.
1939
Calculate the highest common divisor of 1863 and 228185829.
1863
What is the greatest common factor of 1476 and 20799054?
738
Calculate the greatest common factor of 1353414 and 3006.
6
Calculate the highest common factor of 524695 and 120695.
505
What is the greatest common factor of 802 and 90536?
2
What is the greatest common factor of 1758 and 14517?
3
What is the greatest common factor of 14022436 and 3983?
569
Calculate the greatest common divisor of 2340 and 3462660.
180
Calculate the highest common factor of 257911130 and 190.
190
What is the greatest common factor of 232683162 and 15966?
5322
What is the highest common divisor of 44336038 and 1714?
1714
Calculate the greatest common factor of 142927 and 11875105.
3041
What is the highest common divisor of 14959596 and 492?
12
What is the highest common factor of 604 and 110289796?
604
What is the greatest common divisor of 1001 and 6910943?
13
What is the greatest common factor of 74126839 and 16961?
2423
What is the highest common divisor of 34713960 and 8?
8
What is the highest common factor of 10918 and 83842?
206
What is the greatest common divisor of 949166 and 46?
2
Calculate the greatest common factor of 29075 and 331900.
25
Calculate the highest common divisor of 87249 and 321287.
229
Calculate the greatest common factor of 498099 and 336.
21
Calculate the highest common divisor of 17017 and 74003839.
1547
Calculate the highest common divisor of 10 and 37324500.
10
What is the greatest common factor of 84595 and 60480?
35
Calculate the highest common factor of 12 and 20642946.
6
Calculate the highest common factor of 856 and 11867156.
428
What is the highest common divisor of 31405 and 11188745?
2855
What is the highest common factor of 957575 and 100?
25
Calculate the greatest common divisor of 159 and 67844823.
159
What is the highest common divisor of 6293389 and 209?
19
Calculate the greatest common factor of 5981784 and 174088.
376
What is the greatest common divisor of 22 and 20965956?
22
Calculate the highest common divisor of 13475 and 54948355.
2695
What is the greatest common factor of 419220 and 1047639?
411
What is the greatest common divisor of 2728 and 26282916?
1364
What is the highest common factor of 16848 and 1322208?
144
Calculate the highest common factor of 13296 and 349851.
831
What is the highest common divisor of 539 and 9222983?
77
What is the greatest common factor of 1665 and 26019?
9
What is the greatest common factor of 5618215 and 3110?
1555
What is the highest common divisor of 917 and 102368?
7
What is the greatest common factor of 1 and 39508074?
1
What is the greatest common factor of 7458 and 2636742?
678
What is the highest common divisor of 525 and 117659550?
75
Calculate the highest common factor of 35021 and 57344.
7
Calculate the greatest common factor of 6264170 and 22.
22
Calculate the greatest common factor of 13790 and 10426619.
1379
What is the highest common factor of 328299456 and 31808?
4544
Calculate the greatest common divisor of 10649288 and 2.
2
What is the greatest common factor of 819 and 6409305?
63
What is the highest common divisor of 9957 and 42882?
3
What is the greatest common divisor of 240 and 10916208?
48
Calculate the highest common divisor of 6950 and 1554186800.
6950
What is the greatest common divisor of 3569784 and 1115?
223
Calculate the highest common factor of 6 and 556365150.
6
What is the greatest common divisor of 6111544 and 428?
4
What is the highest common factor of 64438 and 12655368?
638
Calculate the highest common divisor of 18000295 and 235.
235
What is the greatest common factor of 276 and 1681093?
23
What is the greatest common divisor of 11204905 and 52669?
1699
What is the greatest common factor of 3309 and 70800467?
1103
Calculate the highest common factor of 77545 and 1126710.
65
Calculate the greatest common divisor of 44226 and 6892452.
3402
What is the greatest common divisor of 1284 and 195540?
12
What is the greatest common divisor of 10059 and 204834?
21
Calculate the greatest common divisor of 168885 and 267714.
1251
Calculate the highest common divisor of 1107 and 126900.
27
Calculate the highest common factor of 5406 and 15422046.
318
Calculate the greatest common factor of 2424762 and 2698164.
4482
What is the highest common factor of 111632672 and 24?
8
Calculate the highest common divisor of 5646 and 916348623.
2823
Calculate the highest common factor of 160 and 35508380.
20
What is the greatest common factor of 11191215 and 3180?
795
What is the highest common factor of 1370963 and 187?
11
What is the greatest common factor of 33021 and 867107?
1223
Calculate the highest common factor of 2832 and 5654442.
354
What is the highest common factor of 19676682 and 20?
2
What is the highest common divisor of 837 and 1358127?
27
What is the greatest common factor of 516 and 336696?
12
Calculate the highest common divisor of 2324 and 5393423.
581
What is the highest common divisor of 17473 and 2116657?
101
What is the highest common factor of 78131 and 5451?
1817
Calculate the greatest common divisor of 4240 and 109657.
53
Calculate the greatest common divisor of 10854 and 7516328.
134
What is the highest common divisor of 41195242 and 419?
419
What is the greatest common factor of 240 and 4238285?
5
What is the highest common divisor of 124319 and 103441?
949
What is the greatest common factor of 889074 and 5778?
18
Calculate the greatest common factor of 21270216 and 16272.
2712
Calculate the highest common divisor of 15573984 and 5.
1
What is the highest common divisor of 16830 and 874110?
30
Calculate the greatest common divisor of 688576 and 7632.
848
Calculate the greatest common divisor of 948084 and 3444.
492
What is the highest common factor of 15620 and 289183?
71
What is the greatest common factor of 152 and 28443190?
38
Calculate the highest common factor of 88 and 4481906.
22
What is the greatest common divisor of 9430 and 2417530?
230
What is the greatest common factor of 8478074 and 3212?
1606
What is the highest common factor of 4442 and 10554?
2
Calculate the highest common divisor of 38196 and 104628.
12
Calculate the greatest common factor of 27720 and 97965.
315
What is the greatest common factor of 6477652 and 1245?
83
What is the highest common factor of 322896 and 1567391?
6727
What is the highest common factor of 473814 and 627?
33
What is the highest common divisor of 1958356 and 712?
356
Calculate the highest common divisor of 661 and 752095715.
661
Calculate the greatest common factor of 23927116 and 6052.
356
Calculate the greatest common divisor of 518745600 and 2565.
2565
Calculate the highest common factor of 336 and 467766.
6
Calculate the greatest common factor of 6500 and 190050250.
3250
What is the highest common factor of 30 and 357683355?
15
Calculate the greatest common factor of 5570500 and 2600.
1300
Calculate the highest common factor of 25565954 and 30461.
367
Calculate the greatest common factor of 51837 and 2928.
3
Calculate the highest common factor of 9923693 and 219.
73
Calculate the highest common divisor of 3388 and 375221.
847
Calculate the greatest common factor of 12905 and 196910.
145
What is the highest common divisor of 2688 and 863247?
21
Calculate the greatest common divisor of 3744720